{"id":15608,"date":"2016-06-23T18:44:50","date_gmt":"2016-06-23T16:44:50","guid":{"rendered":"http:\/\/parcanimalier.lavalleesauvage.com\/?page_id=15608"},"modified":"2024-01-24T10:42:17","modified_gmt":"2024-01-24T09:42:17","slug":"liens-externes","status":"publish","type":"page","link":"https:\/\/parcanimalier.lavalleesauvage.com\/?page_id=15608","title":{"rendered":"Contact"},"content":{"rendered":"<div class=\"wpb-content-wrapper\"><p>[vc_row css_animation=\u00a0\u00bb\u00a0\u00bb row_type=\u00a0\u00bbrow\u00a0\u00bb use_row_as_full_screen_section=\u00a0\u00bbno\u00a0\u00bb type=\u00a0\u00bbfull_width\u00a0\u00bb angled_section=\u00a0\u00bbno\u00a0\u00bb text_align=\u00a0\u00bbleft\u00a0\u00bb background_image_as_pattern=\u00a0\u00bbwithout_pattern\u00a0\u00bb][vc_column width=\u00a0\u00bb1\/2&Prime;][vc_column_text css=\u00a0\u00bb.vc_custom_1691941814981{padding-top: 10px !important;padding-bottom: 10px !important;background-color: #97b56e !important;}\u00a0\u00bb]<\/p>\n<h2 style=\"text-align: center\"><span style=\"color: #ffffff\">Parc animalier<\/span><br \/>\n<span style=\"color: #ffffff\"><strong>La Vall\u00e9e Sauvage<\/strong><\/span><\/h2>\n<p>&nbsp;<\/p>\n<h3 style=\"text-align: center\"><span style=\"color: #ffffff\">1725 Route de Sisteron<br \/>\n04200 Saint-Geniez \/ France<\/span><\/h3>\n<h3 style=\"text-align: center\"><span style=\"color: #ffffff\">T\u00e9l. 04 92 61 52 85<\/span><\/h3>\n<p>[\/vc_column_text][vc_empty_space height=\u00a0\u00bb20px\u00a0\u00bb][vc_row_inner row_type=\u00a0\u00bbrow\u00a0\u00bb type=\u00a0\u00bbfull_width\u00a0\u00bb text_align=\u00a0\u00bbleft\u00a0\u00bb css_animation=\u00a0\u00bb\u00a0\u00bb][vc_column_inner width=\u00a0\u00bb1\/4&Prime;][vc_empty_space height=\u00a0\u00bb10px\u00a0\u00bb][\/vc_column_inner][vc_column_inner width=\u00a0\u00bb3\/4&Prime;][vc_empty_space height=\u00a0\u00bb10px\u00a0\u00bb][vc_empty_space height=\u00a0\u00bb10px\u00a0\u00bb][\/vc_column_inner][\/vc_row_inner][vc_empty_space height=\u00a0\u00bb20px\u00a0\u00bb][vc_gmaps link=\u00a0\u00bb#E-8_JTNDaWZyYW1lJTIwc3JjJTNEJTIyaHR0cHMlM0ElMkYlMkZ3d3cuZ29vZ2xlLmNvbSUyRm1hcHMlMkZlbWJlZCUzRnBiJTNEJTIxMW0xOCUyMTFtMTIlMjExbTMlMjExZDI4NTguMzM4NzkxMzQ5OTU2NCUyMTJkNi4wMzY3OTIzMTUzNDk3ODU2JTIxM2Q0NC4yNDEyNjk4MjIyMjI1MyUyMTJtMyUyMTFmMCUyMTJmMCUyMTNmMCUyMTNtMiUyMTFpMTAyNCUyMTJpNzY4JTIxNGYxMy4xJTIxM20zJTIxMW0yJTIxMXMweDEyY2IwYWE0MTJjNWEzOTklMjUzQTB4MzAzMTZiYTQ2ZTJkZDdiNSUyMTJzUGFyYyUyQkFuaW1hbGllciUyQkxhJTJCVmFsbCUyNUMzJTI1QTllJTJCU2F1dmFnZSUyMTVlMCUyMTNtMiUyMTFzZnIlMjEyc2ZyJTIxNHYxNDY2OTQwMDYzMzYxJTIyJTIwd2lkdGglM0QlMjI2MDAlMjIlMjBoZWlnaHQlM0QlMjI0NTAlMjIlMjBmcmFtZWJvcmRlciUzRCUyMjAlMjIlMjBzdHlsZSUzRCUyMmJvcmRlciUzQTAlMjIlMjBhbGxvd2Z1bGxzY3JlZW4lM0UlM0MlMkZpZnJhbWUlM0U=\u00a0\u00bb][vc_empty_space height=\u00a0\u00bb20px\u00a0\u00bb][\/vc_column][vc_column width=\u00a0\u00bb1\/2&Prime;][vc_column_text css=\u00a0\u00bb.vc_custom_1466940714103{padding-top: 10px !important;padding-bottom: 10px !important;background-color: #b79c7e !important;}\u00a0\u00bb]<\/p>\n<h3 style=\"text-align: center\"><span style=\"color: #ffffff\">NOUS CONTACTER<\/span><\/h3>\n<p>[\/vc_column_text][vc_empty_space height=\u00a0\u00bb20px\u00a0\u00bb]\n<div class=\"wpcf7 no-js\" id=\"wpcf7-f15804-o1\" lang=\"fr-FR\" dir=\"ltr\" data-wpcf7-id=\"15804\">\n<div class=\"screen-reader-response\"><p role=\"status\" aria-live=\"polite\" aria-atomic=\"true\"><\/p> <ul><\/ul><\/div>\n<form action=\"\/index.php?rest_route=%2Fwp%2Fv2%2Fpages%2F15608#wpcf7-f15804-o1\" method=\"post\" class=\"wpcf7-form init default\" aria-label=\"Formulaire de contact\" novalidate=\"novalidate\" data-status=\"init\">\n<div style=\"display: none;\">\n<input type=\"hidden\" name=\"_wpcf7\" value=\"15804\" \/>\n<input type=\"hidden\" name=\"_wpcf7_version\" value=\"6.0.3\" \/>\n<input type=\"hidden\" name=\"_wpcf7_locale\" value=\"fr_FR\" \/>\n<input type=\"hidden\" name=\"_wpcf7_unit_tag\" value=\"wpcf7-f15804-o1\" \/>\n<input type=\"hidden\" name=\"_wpcf7_container_post\" value=\"0\" \/>\n<input type=\"hidden\" name=\"_wpcf7_posted_data_hash\" value=\"\" \/>\n<\/div>\n<p>Votre nom (obligatoire)\n<\/p>\n<p><span class=\"wpcf7-form-control-wrap\" data-name=\"your-name\"><input size=\"40\" maxlength=\"400\" class=\"wpcf7-form-control wpcf7-text wpcf7-validates-as-required\" aria-required=\"true\" aria-invalid=\"false\" value=\"\" type=\"text\" name=\"your-name\" \/><\/span>\n<\/p>\n<p>Votre email (obligatoire)\n<\/p>\n<p><span class=\"wpcf7-form-control-wrap\" data-name=\"your-email\"><input size=\"40\" maxlength=\"400\" class=\"wpcf7-form-control wpcf7-email wpcf7-validates-as-required wpcf7-text wpcf7-validates-as-email\" aria-required=\"true\" aria-invalid=\"false\" value=\"\" type=\"email\" name=\"your-email\" \/><\/span>\n<\/p>\n<p>Sujet\n<\/p>\n<p><span class=\"wpcf7-form-control-wrap\" data-name=\"your-subject\"><input size=\"40\" maxlength=\"400\" class=\"wpcf7-form-control wpcf7-text\" aria-invalid=\"false\" value=\"\" type=\"text\" name=\"your-subject\" \/><\/span>\n<\/p>\n<p>Votre message\n<\/p>\n<p><span class=\"wpcf7-form-control-wrap\" data-name=\"your-message\"><textarea cols=\"40\" rows=\"10\" maxlength=\"2000\" class=\"wpcf7-form-control wpcf7-textarea\" aria-invalid=\"false\" name=\"your-message\"><\/textarea><\/span>\n<\/p>\n<p><input class=\"wpcf7-form-control wpcf7-submit has-spinner\" type=\"submit\" value=\"Envoyer\" \/>\n<\/p><div class=\"wpcf7-response-output\" aria-hidden=\"true\"><\/div>\n<\/form>\n<\/div>\n[\/vc_column][\/vc_row][vc_row css_animation=\u00a0\u00bb\u00a0\u00bb row_type=\u00a0\u00bbrow\u00a0\u00bb use_row_as_full_screen_section=\u00a0\u00bbno\u00a0\u00bb type=\u00a0\u00bbfull_width\u00a0\u00bb angled_section=\u00a0\u00bbno\u00a0\u00bb text_align=\u00a0\u00bbleft\u00a0\u00bb background_image_as_pattern=\u00a0\u00bbwithout_pattern\u00a0\u00bb z_index=\u00a0\u00bb\u00a0\u00bb background_color=\u00a0\u00bb#000000&Prime;][vc_column width=\u00a0\u00bb1\/6&Prime;][vc_empty_space]<span class='q_social_icon_holder square_social' data-color=#ffffff data-hover-background-color=#ffffff data-hover-color=#1e73be><a itemprop='url' href='https:\/\/fr-fr.facebook.com\/Parc-animalier-La-Vall%C3%A9e-Sauvage-137029373052359\/' target='_blank'><span class='fa-stack fa-3x' style='background-color: #1e73be;'><i class=\"qode_icon_font_awesome fa fa-facebook \" style=\"color: #ffffff;\" ><\/i><\/span><\/a><\/span>[vc_empty_space][\/vc_column][vc_column width=\u00a0\u00bb2\/6&Prime;][vc_empty_space height=\u00a0\u00bb70px\u00a0\u00bb][vc_column_text]<\/p>\n<h3 style=\"text-align: left\"><\/h3>\n<h3 style=\"text-align: left\"><a href=\"https:\/\/fr-fr.facebook.com\/Parc-animalier-La-Vall%C3%A9e-Sauvage-137029373052359\/\" target=\"_blank\" rel=\"noopener\"><span style=\"color: #ffffff\">Suivez-nous sur FaceBook !<\/span><\/a><\/h3>\n<p>[\/vc_column_text][vc_empty_space][\/vc_column][vc_column width=\u00a0\u00bb1\/6&Prime;][vc_empty_space]<span class='q_social_icon_holder square_social' ><a itemprop='url' href='https:\/\/www.instagram.com\/la.vallee.sauvage\/#' target='_blank'><span class='fa-stack fa-3x' style=''><i class=\"qode_icon_font_awesome fa fa-instagram \" style=\"\" ><\/i><\/span><\/a><\/span>[vc_empty_space][\/vc_column][vc_column width=\u00a0\u00bb2\/6&Prime;][vc_empty_space height=\u00a0\u00bb70px\u00a0\u00bb][vc_column_text]<\/p>\n<h3 style=\"text-align: left\"><\/h3>\n<h3 style=\"text-align: left\"><a href=\"https:\/\/www.instagram.com\/la.vallee.sauvage\/#\" target=\"_blank\" rel=\"noopener\"><span style=\"color: #ffffff\">Suivez-nous sur Instagram !<\/span><\/a><\/h3>\n<p>[\/vc_column_text][vc_empty_space][\/vc_column][\/vc_row][vc_row css_animation=\u00a0\u00bb\u00a0\u00bb row_type=\u00a0\u00bbrow\u00a0\u00bb use_row_as_full_screen_section=\u00a0\u00bbno\u00a0\u00bb type=\u00a0\u00bbfull_width\u00a0\u00bb angled_section=\u00a0\u00bbno\u00a0\u00bb text_align=\u00a0\u00bbright\u00a0\u00bb background_image_as_pattern=\u00a0\u00bbwithout_pattern\u00a0\u00bb][vc_column][vc_empty_space][vc_row_inner row_type=\u00a0\u00bbrow\u00a0\u00bb type=\u00a0\u00bbfull_width\u00a0\u00bb text_align=\u00a0\u00bbleft\u00a0\u00bb css_animation=\u00a0\u00bb\u00a0\u00bb][vc_column_inner width=\u00a0\u00bb1\/3&Prime;][vc_single_image image=\u00a0\u00bb16176&Prime; img_size=\u00a0\u00bbmedium\u00a0\u00bb qode_css_animation=\u00a0\u00bb\u00a0\u00bb][\/vc_column_inner][vc_column_inner width=\u00a0\u00bb2\/3&Prime;][vc_separator type=\u00a0\u00bbnormal\u00a0\u00bb up=\u00a0\u00bb80&Prime; down=\u00a0\u00bb10&Prime;][vc_column_text]<\/p>\n<h2>\u00c0 bient\u00f4t \u00e0 la Vall\u00e9e Sauvage !<\/h2>\n<p>[\/vc_column_text][vc_separator type=\u00a0\u00bbnormal\u00a0\u00bb up=\u00a0\u00bb10&Prime;][\/vc_column_inner][\/vc_row_inner][vc_empty_space height=\u00a0\u00bb20px\u00a0\u00bb]<div class=\"social_share_list_holder\"><span>Share on: <\/span><ul><li class=\"facebook_share\"><a title=\"Share on Facebook\" href=\"javascript:void(0)\" onclick=\"window.open('http:\/\/www.facebook.com\/sharer.php?u=https%3A%2F%2Fparcanimalier.lavalleesauvage.com%2F%3Fpage_id%3D15608', 'sharer', 'toolbar=0,status=0,width=620,height=280');\"><i class=\"fa fa-facebook\"><\/i><\/a><\/li><li class=\"twitter_share\"><a href=\"#\" title=\"Share on Twitter\" onclick=\"popUp=window.open('http:\/\/twitter.com\/home?status=%5Bvc_row+css_animation%3D%C2%A0%C2%BB%C2%A0%C2%BB+row_type%3D%C2%A0%C2%BBrow%C2%A0%C2%BB+use_row_as_full_screen_section%3D%C2%A0%C2%BBno%C2%A0%C2%BB+https:\/\/parcanimalier.lavalleesauvage.com\/?page_id=15608', 'popupwindow', 'scrollbars=yes,width=800,height=400');popUp.focus();return false;\"><i class=\"fa fa-twitter\"><\/i><\/a><\/li><li  class=\"google_share\"><a href=\"#\" title=\"Share on Google+\" onclick=\"popUp=window.open('https:\/\/plus.google.com\/share?url=https%3A%2F%2Fparcanimalier.lavalleesauvage.com%2F%3Fpage_id%3D15608', 'popupwindow', 'scrollbars=yes,width=800,height=400');popUp.focus();return false\"><i class=\"fa fa-google-plus\"><\/i><\/a><\/li><\/ul><\/div>[vc_empty_space height=\u00a0\u00bb20px\u00a0\u00bb][\/vc_column][\/vc_row]<\/p>\n<\/div>","protected":false},"excerpt":{"rendered":"<p>[vc_row css_animation=\u00a0\u00bb\u00a0\u00bb row_type=\u00a0\u00bbrow\u00a0\u00bb use_row_as_full_screen_section=\u00a0\u00bbno\u00a0\u00bb type=\u00a0\u00bbfull_width\u00a0\u00bb angled_section=\u00a0\u00bbno\u00a0\u00bb text_align=\u00a0\u00bbleft\u00a0\u00bb background_image_as_pattern=\u00a0\u00bbwithout_pattern\u00a0\u00bb][vc_column width=\u00a0\u00bb1\/2&Prime;][vc_column_text css=\u00a0\u00bb.vc_custom_1691941814981{padding-top: 10px !important;padding-bottom: 10px !important;background-color: #97b56e !important;}\u00a0\u00bb] Parc animalier La Vall\u00e9e Sauvage &nbsp; 1725 Route de Sisteron 04200 Saint-Geniez \/ France T\u00e9l. 04 92 61 52 85 [\/vc_column_text][vc_empty_space height=\u00a0\u00bb20px\u00a0\u00bb][vc_row_inner row_type=\u00a0\u00bbrow\u00a0\u00bb type=\u00a0\u00bbfull_width\u00a0\u00bb text_align=\u00a0\u00bbleft\u00a0\u00bb css_animation=\u00a0\u00bb\u00a0\u00bb][vc_column_inner width=\u00a0\u00bb1\/4&Prime;][vc_empty_space height=\u00a0\u00bb10px\u00a0\u00bb][\/vc_column_inner][vc_column_inner width=\u00a0\u00bb3\/4&Prime;][vc_empty_space&#8230;<\/p>\n","protected":false},"author":1,"featured_media":0,"parent":0,"menu_order":0,"comment_status":"closed","ping_status":"closed","template":"","meta":{"_mc_calendar":[],"footnotes":""},"class_list":["post-15608","page","type-page","status-publish","hentry"],"yoast_head":"<!-- This site is optimized with the Yoast SEO plugin v24.3 - https:\/\/yoast.com\/wordpress\/plugins\/seo\/ -->\n<title>Contact - Parc animalier La Vall\u00e9e Sauvage<\/title>\n<meta name=\"robots\" content=\"index, follow, max-snippet:-1, max-image-preview:large, max-video-preview:-1\" \/>\n<link rel=\"canonical\" href=\"https:\/\/parcanimalier.lavalleesauvage.com\/?page_id=15608\" \/>\n<meta property=\"og:locale\" content=\"fr_FR\" \/>\n<meta property=\"og:type\" content=\"article\" \/>\n<meta property=\"og:title\" content=\"Contact - Parc animalier La Vall\u00e9e Sauvage\" \/>\n<meta property=\"og:description\" content=\"[vc_row css_animation=\u00a0\u00bb\u00a0\u00bb row_type=\u00a0\u00bbrow\u00a0\u00bb use_row_as_full_screen_section=\u00a0\u00bbno\u00a0\u00bb type=\u00a0\u00bbfull_width\u00a0\u00bb angled_section=\u00a0\u00bbno\u00a0\u00bb text_align=\u00a0\u00bbleft\u00a0\u00bb background_image_as_pattern=\u00a0\u00bbwithout_pattern\u00a0\u00bb][vc_column width=\u00a0\u00bb1\/2&Prime;][vc_column_text css=\u00a0\u00bb.vc_custom_1691941814981{padding-top: 10px !important;padding-bottom: 10px !important;background-color: #97b56e !important;}\u00a0\u00bb] Parc animalier La Vall\u00e9e Sauvage &nbsp; 1725 Route de Sisteron 04200 Saint-Geniez \/ France T\u00e9l. 04 92 61 52 85 [\/vc_column_text][vc_empty_space height=\u00a0\u00bb20px\u00a0\u00bb][vc_row_inner row_type=\u00a0\u00bbrow\u00a0\u00bb type=\u00a0\u00bbfull_width\u00a0\u00bb text_align=\u00a0\u00bbleft\u00a0\u00bb css_animation=\u00a0\u00bb\u00a0\u00bb][vc_column_inner width=\u00a0\u00bb1\/4&Prime;][vc_empty_space height=\u00a0\u00bb10px\u00a0\u00bb][\/vc_column_inner][vc_column_inner width=\u00a0\u00bb3\/4&Prime;][vc_empty_space...\" \/>\n<meta property=\"og:url\" content=\"https:\/\/parcanimalier.lavalleesauvage.com\/?page_id=15608\" \/>\n<meta property=\"og:site_name\" content=\"Parc animalier La Vall\u00e9e Sauvage\" \/>\n<meta property=\"article:publisher\" content=\"https:\/\/www.facebook.com\/lavalleesauvage\" \/>\n<meta property=\"article:modified_time\" content=\"2024-01-24T09:42:17+00:00\" \/>\n<meta name=\"twitter:card\" content=\"summary_large_image\" \/>\n<meta name=\"twitter:label1\" content=\"Dur\u00e9e de lecture estim\u00e9e\" \/>\n\t<meta name=\"twitter:data1\" content=\"3 minutes\" \/>\n<script type=\"application\/ld+json\" class=\"yoast-schema-graph\">{\"@context\":\"https:\/\/schema.org\",\"@graph\":[{\"@type\":\"WebPage\",\"@id\":\"https:\/\/parcanimalier.lavalleesauvage.com\/?page_id=15608\",\"url\":\"https:\/\/parcanimalier.lavalleesauvage.com\/?page_id=15608\",\"name\":\"Contact - Parc animalier La Vall\u00e9e Sauvage\",\"isPartOf\":{\"@id\":\"https:\/\/parcanimalier.lavalleesauvage.com\/#website\"},\"datePublished\":\"2016-06-23T16:44:50+00:00\",\"dateModified\":\"2024-01-24T09:42:17+00:00\",\"breadcrumb\":{\"@id\":\"https:\/\/parcanimalier.lavalleesauvage.com\/?page_id=15608#breadcrumb\"},\"inLanguage\":\"fr-FR\",\"potentialAction\":[{\"@type\":\"ReadAction\",\"target\":[\"https:\/\/parcanimalier.lavalleesauvage.com\/?page_id=15608\"]}]},{\"@type\":\"BreadcrumbList\",\"@id\":\"https:\/\/parcanimalier.lavalleesauvage.com\/?page_id=15608#breadcrumb\",\"itemListElement\":[{\"@type\":\"ListItem\",\"position\":1,\"name\":\"Accueil\",\"item\":\"https:\/\/parcanimalier.lavalleesauvage.com\/\"},{\"@type\":\"ListItem\",\"position\":2,\"name\":\"Contact\"}]},{\"@type\":\"WebSite\",\"@id\":\"https:\/\/parcanimalier.lavalleesauvage.com\/#website\",\"url\":\"https:\/\/parcanimalier.lavalleesauvage.com\/\",\"name\":\"Parc animalier La Vall\u00e9e Sauvage\",\"description\":\"Saint-Geniez \/ Alpes-de-Haute-Provence\",\"publisher\":{\"@id\":\"https:\/\/parcanimalier.lavalleesauvage.com\/#organization\"},\"potentialAction\":[{\"@type\":\"SearchAction\",\"target\":{\"@type\":\"EntryPoint\",\"urlTemplate\":\"https:\/\/parcanimalier.lavalleesauvage.com\/?s={search_term_string}\"},\"query-input\":{\"@type\":\"PropertyValueSpecification\",\"valueRequired\":true,\"valueName\":\"search_term_string\"}}],\"inLanguage\":\"fr-FR\"},{\"@type\":\"Organization\",\"@id\":\"https:\/\/parcanimalier.lavalleesauvage.com\/#organization\",\"name\":\"Parc animalier La Vall\u00e9e Sauvage\",\"url\":\"https:\/\/parcanimalier.lavalleesauvage.com\/\",\"logo\":{\"@type\":\"ImageObject\",\"inLanguage\":\"fr-FR\",\"@id\":\"https:\/\/parcanimalier.lavalleesauvage.com\/#\/schema\/logo\/image\/\",\"url\":\"https:\/\/parcanimalier.lavalleesauvage.com\/wp-content\/uploads\/2016\/06\/logo_detour_M2.png\",\"contentUrl\":\"https:\/\/parcanimalier.lavalleesauvage.com\/wp-content\/uploads\/2016\/06\/logo_detour_M2.png\",\"width\":523,\"height\":248,\"caption\":\"Parc animalier La Vall\u00e9e Sauvage\"},\"image\":{\"@id\":\"https:\/\/parcanimalier.lavalleesauvage.com\/#\/schema\/logo\/image\/\"},\"sameAs\":[\"https:\/\/www.facebook.com\/lavalleesauvage\"]}]}<\/script>\n<!-- \/ Yoast SEO plugin. -->","yoast_head_json":{"title":"Contact - Parc animalier La Vall\u00e9e Sauvage","robots":{"index":"index","follow":"follow","max-snippet":"max-snippet:-1","max-image-preview":"max-image-preview:large","max-video-preview":"max-video-preview:-1"},"canonical":"https:\/\/parcanimalier.lavalleesauvage.com\/?page_id=15608","og_locale":"fr_FR","og_type":"article","og_title":"Contact - Parc animalier La Vall\u00e9e Sauvage","og_description":"[vc_row css_animation=\u00a0\u00bb\u00a0\u00bb row_type=\u00a0\u00bbrow\u00a0\u00bb use_row_as_full_screen_section=\u00a0\u00bbno\u00a0\u00bb type=\u00a0\u00bbfull_width\u00a0\u00bb angled_section=\u00a0\u00bbno\u00a0\u00bb text_align=\u00a0\u00bbleft\u00a0\u00bb background_image_as_pattern=\u00a0\u00bbwithout_pattern\u00a0\u00bb][vc_column width=\u00a0\u00bb1\/2&Prime;][vc_column_text css=\u00a0\u00bb.vc_custom_1691941814981{padding-top: 10px !important;padding-bottom: 10px !important;background-color: #97b56e !important;}\u00a0\u00bb] Parc animalier La Vall\u00e9e Sauvage &nbsp; 1725 Route de Sisteron 04200 Saint-Geniez \/ France T\u00e9l. 04 92 61 52 85 [\/vc_column_text][vc_empty_space height=\u00a0\u00bb20px\u00a0\u00bb][vc_row_inner row_type=\u00a0\u00bbrow\u00a0\u00bb type=\u00a0\u00bbfull_width\u00a0\u00bb text_align=\u00a0\u00bbleft\u00a0\u00bb css_animation=\u00a0\u00bb\u00a0\u00bb][vc_column_inner width=\u00a0\u00bb1\/4&Prime;][vc_empty_space height=\u00a0\u00bb10px\u00a0\u00bb][\/vc_column_inner][vc_column_inner width=\u00a0\u00bb3\/4&Prime;][vc_empty_space...","og_url":"https:\/\/parcanimalier.lavalleesauvage.com\/?page_id=15608","og_site_name":"Parc animalier La Vall\u00e9e Sauvage","article_publisher":"https:\/\/www.facebook.com\/lavalleesauvage","article_modified_time":"2024-01-24T09:42:17+00:00","twitter_card":"summary_large_image","twitter_misc":{"Dur\u00e9e de lecture estim\u00e9e":"3 minutes"},"schema":{"@context":"https:\/\/schema.org","@graph":[{"@type":"WebPage","@id":"https:\/\/parcanimalier.lavalleesauvage.com\/?page_id=15608","url":"https:\/\/parcanimalier.lavalleesauvage.com\/?page_id=15608","name":"Contact - Parc animalier La Vall\u00e9e Sauvage","isPartOf":{"@id":"https:\/\/parcanimalier.lavalleesauvage.com\/#website"},"datePublished":"2016-06-23T16:44:50+00:00","dateModified":"2024-01-24T09:42:17+00:00","breadcrumb":{"@id":"https:\/\/parcanimalier.lavalleesauvage.com\/?page_id=15608#breadcrumb"},"inLanguage":"fr-FR","potentialAction":[{"@type":"ReadAction","target":["https:\/\/parcanimalier.lavalleesauvage.com\/?page_id=15608"]}]},{"@type":"BreadcrumbList","@id":"https:\/\/parcanimalier.lavalleesauvage.com\/?page_id=15608#breadcrumb","itemListElement":[{"@type":"ListItem","position":1,"name":"Accueil","item":"https:\/\/parcanimalier.lavalleesauvage.com\/"},{"@type":"ListItem","position":2,"name":"Contact"}]},{"@type":"WebSite","@id":"https:\/\/parcanimalier.lavalleesauvage.com\/#website","url":"https:\/\/parcanimalier.lavalleesauvage.com\/","name":"Parc animalier La Vall\u00e9e Sauvage","description":"Saint-Geniez \/ Alpes-de-Haute-Provence","publisher":{"@id":"https:\/\/parcanimalier.lavalleesauvage.com\/#organization"},"potentialAction":[{"@type":"SearchAction","target":{"@type":"EntryPoint","urlTemplate":"https:\/\/parcanimalier.lavalleesauvage.com\/?s={search_term_string}"},"query-input":{"@type":"PropertyValueSpecification","valueRequired":true,"valueName":"search_term_string"}}],"inLanguage":"fr-FR"},{"@type":"Organization","@id":"https:\/\/parcanimalier.lavalleesauvage.com\/#organization","name":"Parc animalier La Vall\u00e9e Sauvage","url":"https:\/\/parcanimalier.lavalleesauvage.com\/","logo":{"@type":"ImageObject","inLanguage":"fr-FR","@id":"https:\/\/parcanimalier.lavalleesauvage.com\/#\/schema\/logo\/image\/","url":"https:\/\/parcanimalier.lavalleesauvage.com\/wp-content\/uploads\/2016\/06\/logo_detour_M2.png","contentUrl":"https:\/\/parcanimalier.lavalleesauvage.com\/wp-content\/uploads\/2016\/06\/logo_detour_M2.png","width":523,"height":248,"caption":"Parc animalier La Vall\u00e9e Sauvage"},"image":{"@id":"https:\/\/parcanimalier.lavalleesauvage.com\/#\/schema\/logo\/image\/"},"sameAs":["https:\/\/www.facebook.com\/lavalleesauvage"]}]}},"_links":{"self":[{"href":"https:\/\/parcanimalier.lavalleesauvage.com\/index.php?rest_route=\/wp\/v2\/pages\/15608","targetHints":{"allow":["GET"]}}],"collection":[{"href":"https:\/\/parcanimalier.lavalleesauvage.com\/index.php?rest_route=\/wp\/v2\/pages"}],"about":[{"href":"https:\/\/parcanimalier.lavalleesauvage.com\/index.php?rest_route=\/wp\/v2\/types\/page"}],"author":[{"embeddable":true,"href":"https:\/\/parcanimalier.lavalleesauvage.com\/index.php?rest_route=\/wp\/v2\/users\/1"}],"replies":[{"embeddable":true,"href":"https:\/\/parcanimalier.lavalleesauvage.com\/index.php?rest_route=%2Fwp%2Fv2%2Fcomments&post=15608"}],"version-history":[{"count":33,"href":"https:\/\/parcanimalier.lavalleesauvage.com\/index.php?rest_route=\/wp\/v2\/pages\/15608\/revisions"}],"predecessor-version":[{"id":16812,"href":"https:\/\/parcanimalier.lavalleesauvage.com\/index.php?rest_route=\/wp\/v2\/pages\/15608\/revisions\/16812"}],"wp:attachment":[{"href":"https:\/\/parcanimalier.lavalleesauvage.com\/index.php?rest_route=%2Fwp%2Fv2%2Fmedia&parent=15608"}],"curies":[{"name":"wp","href":"https:\/\/api.w.org\/{rel}","templated":true}]}}